{"id":654,"date":"2017-06-01T15:12:09","date_gmt":"2017-06-01T13:12:09","guid":{"rendered":"https:\/\/www.jmlib.be\/site\/?page_id=654"},"modified":"2025-11-24T16:58:35","modified_gmt":"2025-11-24T15:58:35","slug":"inscription-modules-formations","status":"publish","type":"page","link":"https:\/\/www.jmlib.be\/site\/inscription-modules-formations\/","title":{"rendered":"Poursuivre la formation | Inscription"},"content":{"rendered":"<p><div class=\"forminator-ui forminator-custom-form forminator-custom-form-17175 forminator-design--flat forminator-custom forminator_ajax\" data-forminator-render=\"0\" data-form=\"forminator-module-17175\" data-uid=\"69fcdb7d38074\"><br\/><\/div><form\n\t\t\t\tid=\"forminator-module-17175\"\n\t\t\t\tclass=\"forminator-ui forminator-custom-form forminator-custom-form-17175 forminator-design--flat forminator-custom forminator_ajax\"\n\t\t\t\tmethod=\"post\"\n\t\t\t\tdata-forminator-render=\"0\"\n\t\t\t\tdata-form-id=\"17175\"\n\t\t\t\t data-color-option=\"default\" data-design=\"flat\" data-grid=\"custom\" style=\"display: none;\"\n\t\t\t\tdata-uid=\"69fcdb7d38074\"\n\t\t\t><div role=\"alert\" aria-live=\"polite\" class=\"forminator-response-message forminator-error\" aria-hidden=\"true\"><\/div><div class=\"forminator-row\"><div id=\"name-1\" class=\"forminator-field-name forminator-col forminator-col-6 \"><div class=\"forminator-field\"><label for=\"forminator-field-name-1_69fcdb7d38074\" id=\"forminator-field-name-1_69fcdb7d38074-label\" class=\"forminator-label\">Nom &#8211; Pr\u00e9nom <span class=\"forminator-required\">*<\/span><\/label><input type=\"text\" name=\"name-1\" value=\"\" placeholder=\"\" id=\"forminator-field-name-1_69fcdb7d38074\" class=\"forminator-input forminator-name--field\" aria-required=\"true\" autocomplete=\"name\" \/><\/div><\/div><div id=\"email-1\" class=\"forminator-field-email forminator-col forminator-col-6 \"><div class=\"forminator-field\"><label for=\"forminator-field-email-1_69fcdb7d38074\" id=\"forminator-field-email-1_69fcdb7d38074-label\" class=\"forminator-label\">Adresse de messagerie <span class=\"forminator-required\">*<\/span><\/label><input type=\"email\" name=\"email-1\" value=\"\" placeholder=\"\" id=\"forminator-field-email-1_69fcdb7d38074\" class=\"forminator-input forminator-email--field\" data-required=\"1\" aria-required=\"true\" autocomplete=\"email\" \/><\/div><\/div><\/div><div class=\"forminator-row\"><div id=\"section-2\" class=\"forminator-field-section forminator-col forminator-col-12 \"><div class=\"forminator-field\"><h3 class=\"forminator-subtitle\">Seules les participants d\u00e9j\u00e0 inscrites au Module 1 peuvent compl\u00e9ter ce formulaire. Il sert \u00e0 poursuivre le parcours de formation en s\u00e9lectionnant les modules d\u00e9sir\u00e9s.<\/h3><\/div><\/div><\/div><div class=\"forminator-row\"><div id=\"checkbox-1\" class=\"forminator-field-checkbox forminator-col forminator-col-12 \"><div role=\"group\" class=\"forminator-field required\" aria-labelledby=\"forminator-checkbox-group-forminator-field-checkbox-1-69fcdb7d38074-label\"><span id=\"forminator-checkbox-group-forminator-field-checkbox-1-69fcdb7d38074-label\" class=\"forminator-label\">Je souhaite participer aux modules suivants : <span class=\"forminator-required\">*<\/span><\/span><label id=\"forminator-field-checkbox-1-1-69fcdb7d38074-label\" for=\"forminator-field-checkbox-1-1-69fcdb7d38074\" class=\"forminator-checkbox\" title=\"Module 2 : L\u2019Enfant &quot; du 3 au 6\/04\/2026&quot;\"><input type=\"checkbox\" name=\"checkbox-1[]\" value=\"one\" id=\"forminator-field-checkbox-1-1-69fcdb7d38074\" aria-labelledby=\"forminator-field-checkbox-1-1-69fcdb7d38074-label\" data-calculation=\"1\"   data-hidden-behavior=\"zero\"\/><span class=\"forminator-checkbox-box\" aria-hidden=\"true\"><\/span><span class=\"forminator-checkbox-label\">Module 2 : L\u2019Enfant \u00a0\u00bb du 3 au 6\/04\/2026&Prime;<\/span><\/label><label id=\"forminator-field-checkbox-1-2-69fcdb7d38074-label\" for=\"forminator-field-checkbox-1-2-69fcdb7d38074\" class=\"forminator-checkbox\" title=\"Module 3 : Sant\u00e9! &quot;du 18 au 20\/09\/2026&quot;\"><input type=\"checkbox\" name=\"checkbox-1[]\" value=\"two\" id=\"forminator-field-checkbox-1-2-69fcdb7d38074\" aria-labelledby=\"forminator-field-checkbox-1-2-69fcdb7d38074-label\" data-calculation=\"1\"   data-hidden-behavior=\"zero\"\/><span class=\"forminator-checkbox-box\" aria-hidden=\"true\"><\/span><span class=\"forminator-checkbox-label\">Module 3 : Sant\u00e9! \u00ab\u00a0du 18 au 20\/09\/2026\u00a0\u00bb<\/span><\/label><label id=\"forminator-field-checkbox-1-3-69fcdb7d38074-label\" for=\"forminator-field-checkbox-1-3-69fcdb7d38074\" class=\"forminator-checkbox\" title=\"Module 4 : Gestion et \u00c9valuation &quot;du 18 au 24\/10\/2026&quot;\"><input type=\"checkbox\" name=\"checkbox-1[]\" value=\"Module-4-:-Gestion-et-\u00c9valuation\" id=\"forminator-field-checkbox-1-3-69fcdb7d38074\" aria-labelledby=\"forminator-field-checkbox-1-3-69fcdb7d38074-label\" data-calculation=\"1\"   data-hidden-behavior=\"zero\"\/><span class=\"forminator-checkbox-box\" aria-hidden=\"true\"><\/span><span class=\"forminator-checkbox-label\">Module 4 : Gestion et \u00c9valuation \u00ab\u00a0du 18 au 24\/10\/2026\u00a0\u00bb<\/span><\/label><\/div><\/div><\/div><div class=\"forminator-row\"><div id=\"calculation-1\" class=\"forminator-field-calculation forminator-col forminator-col-12 \"><div class=\"forminator-field\"><label for=\"calculation-1-field_69fcdb7d38074\" id=\"calculation-1-field_69fcdb7d38074-label\" class=\"forminator-label\">Total<\/label><input type=\"text\" name=\"calculation-1\" value=\"\" id=\"calculation-1-field_69fcdb7d38074\" class=\"forminator-calculation forminator-input\" data-formula=\"{checkbox-1} * 75\" data-required=\"\" data-decimal-point=\".\" data-precision=\"2\" data-is-hidden=\"1\" disabled=\"disabled\" data-decimals=\"2\" data-inputmask=\"&#039;groupSeparator&#039;: &#039;&#039;, &#039;radixPoint&#039;: &#039;.&#039;, &#039;digits&#039;: &#039;2&#039;\" readonly=\"readonly\" data-hidden-behavior=\"zero\" \/><\/div><\/div><\/div><div class=\"forminator-row\"><div id=\"consent-1\" class=\"forminator-field-consent forminator-col forminator-col-6 \"><div class=\"forminator-field\"><label for=\"forminator-field-consent-1_69fcdb7d38074\" id=\"forminator-field-consent-1_69fcdb7d38074-label\" class=\"forminator-label\">Conditions g\u00e9n\u00e9rales <span class=\"forminator-required\">*<\/span><\/label><div class=\"forminator-checkbox__wrapper\"><label id=\"forminator-field-consent-1_69fcdb7d38074__label\" class=\"forminator-checkbox forminator-consent\"><input type=\"checkbox\" name=\"consent-1\" id=\"forminator-field-consent-1_69fcdb7d38074\" value=\"checked\" aria-labelledby=\"forminator-field-consent-1_69fcdb7d38074-label\" aria-describedby=\"forminator-field-consent-1_69fcdb7d38074__description\" data-required=\"true\" aria-required=\"true\" \/><span class=\"forminator-checkbox-box\" aria-hidden=\"true\"><\/span><\/label><div id=\"forminator-field-consent-1_69fcdb7d38074__description\" class=\"forminator-checkbox__label forminator-consent__label\"><p><span data-olk-copy-source=\"MessageBody\"> J\u2019ai lu les <a href=\"https:\/\/www.jmlib.be\/site\/wp-content\/uploads\/2017\/04\/conditions-g%C3%A9n%C3%A9rales.pdf\">conditions g\u00e9n\u00e9rales<\/a> des JML et je les ai comprises et accept\u00e9es.<\/span><\/p>\n<p>&nbsp;<\/p><\/div><\/div><\/div><\/div><div id=\"consent-2\" class=\"forminator-field-consent forminator-col forminator-col-6 \"><div class=\"forminator-field\"><label for=\"forminator-field-consent-2_69fcdb7d38074\" id=\"forminator-field-consent-2_69fcdb7d38074-label\" class=\"forminator-label\">RGPD <span class=\"forminator-required\">*<\/span><\/label><div class=\"forminator-checkbox__wrapper\"><label id=\"forminator-field-consent-2_69fcdb7d38074__label\" class=\"forminator-checkbox forminator-consent\"><input type=\"checkbox\" name=\"consent-2\" id=\"forminator-field-consent-2_69fcdb7d38074\" value=\"checked\" aria-labelledby=\"forminator-field-consent-2_69fcdb7d38074-label\" aria-describedby=\"forminator-field-consent-2_69fcdb7d38074__description\" data-required=\"true\" aria-required=\"true\" \/><span class=\"forminator-checkbox-box\" aria-hidden=\"true\"><\/span><\/label><div id=\"forminator-field-consent-2_69fcdb7d38074__description\" class=\"forminator-checkbox__label forminator-consent__label\"><p><span data-olk-copy-source=\"MessageBody\">J\u2019ai lu <a href=\"https:\/\/www.jmlib.be\/site\/rgpd\/\">politique de confidentialit\u00e9<\/a> des JML et je les ai comprises et accept\u00e9es<\/span><\/p><\/div><\/div><\/div><\/div><\/div><input type=\"hidden\" name=\"referer_url\" value=\"\" \/><div class=\"forminator-row forminator-row-last\"><div class=\"forminator-col\"><div class=\"forminator-field\"><button class=\"forminator-button forminator-button-submit\">Je poursuis la formation<\/button><\/div><\/div><\/div><input type=\"hidden\" id=\"forminator_nonce\" name=\"forminator_nonce\" value=\"76f85bbcda\" \/><input type=\"hidden\" name=\"_wp_http_referer\" value=\"\/site\/wp-json\/wp\/v2\/pages\/654\" \/><input type=\"hidden\" name=\"form_id\" value=\"17175\"><input type=\"hidden\" name=\"page_id\" value=\"654\"><input type=\"hidden\" name=\"form_type\" value=\"default\"><input type=\"hidden\" name=\"current_url\" value=\"https:\/\/www.jmlib.be\/site\/inscription-modules-formations\/\"><input type=\"hidden\" name=\"render_id\" value=\"0\"><input type=\"hidden\" name=\"action\" value=\"forminator_submit_form_custom-forms\"><\/form><\/p>\n\n\n\n<p><\/p>\n","protected":false},"excerpt":{"rendered":"","protected":false},"author":1,"featured_media":0,"parent":0,"menu_order":0,"comment_status":"closed","ping_status":"closed","template":"template-fullwidth.php","meta":{"footnotes":""},"class_list":["post-654","page","type-page","status-publish","hentry"],"jetpack_sharing_enabled":true,"jetpack_shortlink":"https:\/\/wp.me\/P93my9-ay","jetpack-related-posts":[{"id":17517,"url":"https:\/\/www.jmlib.be\/site\/inscription-stage-cirque-a-la-louviere\/","url_meta":{"origin":654,"position":0},"title":"Inscription stage cirque \u00e0 La Louvi\u00e8re","author":"jmlib","date":"24 mars 2026","format":false,"excerpt":"","rel":"","context":"Article similaire","block_context":{"text":"Article similaire","link":""},"img":{"alt_text":"","src":"","width":0,"height":0},"classes":[]},{"id":17352,"url":"https:\/\/www.jmlib.be\/site\/la-semaine-des-emotions-en-couleur-inscription\/","url_meta":{"origin":654,"position":1},"title":"La semaine des Emotions en couleur &#8211; Inscription","author":"jmlib","date":"20 janvier 2026","format":false,"excerpt":"","rel":"","context":"Article similaire","block_context":{"text":"Article similaire","link":""},"img":{"alt_text":"","src":"","width":0,"height":0},"classes":[]},{"id":17529,"url":"https:\/\/www.jmlib.be\/site\/inscription-stage-art-et-cuisine-a-la-louviere\/","url_meta":{"origin":654,"position":2},"title":"Inscription stage Art et cuisine \u00e0 La Louvi\u00e8re","author":"jmlib","date":"24 mars 2026","format":false,"excerpt":"","rel":"","context":"Article similaire","block_context":{"text":"Article similaire","link":""},"img":{"alt_text":"","src":"","width":0,"height":0},"classes":[]},{"id":17005,"url":"https:\/\/www.jmlib.be\/site\/inscription-wavre\/","url_meta":{"origin":654,"position":3},"title":"Inscription wavre","author":"jmlib","date":"18 septembre 2025","format":false,"excerpt":"","rel":"","context":"Article similaire","block_context":{"text":"Article similaire","link":""},"img":{"alt_text":"","src":"","width":0,"height":0},"classes":[]},{"id":17132,"url":"https:\/\/www.jmlib.be\/site\/ski-inscription\/","url_meta":{"origin":654,"position":4},"title":"Ski inscription","author":"jmlib","date":"18 novembre 2025","format":false,"excerpt":"","rel":"","context":"Article similaire","block_context":{"text":"Article similaire","link":""},"img":{"alt_text":"","src":"","width":0,"height":0},"classes":[]},{"id":17213,"url":"https:\/\/www.jmlib.be\/site\/artrecup-inscription\/","url_meta":{"origin":654,"position":5},"title":"Art&amp;R\u00e9cup &#8211; Inscription","author":"jmlib","date":"28 novembre 2025","format":false,"excerpt":"","rel":"","context":"Article similaire","block_context":{"text":"Article similaire","link":""},"img":{"alt_text":"","src":"","width":0,"height":0},"classes":[]}],"jetpack_likes_enabled":true,"_links":{"self":[{"href":"https:\/\/www.jmlib.be\/site\/wp-json\/wp\/v2\/pages\/654","targetHints":{"allow":["GET"]}}],"collection":[{"href":"https:\/\/www.jmlib.be\/site\/wp-json\/wp\/v2\/pages"}],"about":[{"href":"https:\/\/www.jmlib.be\/site\/wp-json\/wp\/v2\/types\/page"}],"author":[{"embeddable":true,"href":"https:\/\/www.jmlib.be\/site\/wp-json\/wp\/v2\/users\/1"}],"replies":[{"embeddable":true,"href":"https:\/\/www.jmlib.be\/site\/wp-json\/wp\/v2\/comments?post=654"}],"version-history":[{"count":4,"href":"https:\/\/www.jmlib.be\/site\/wp-json\/wp\/v2\/pages\/654\/revisions"}],"predecessor-version":[{"id":17179,"href":"https:\/\/www.jmlib.be\/site\/wp-json\/wp\/v2\/pages\/654\/revisions\/17179"}],"wp:attachment":[{"href":"https:\/\/www.jmlib.be\/site\/wp-json\/wp\/v2\/media?parent=654"}],"curies":[{"name":"wp","href":"https:\/\/api.w.org\/{rel}","templated":true}]}}