{"id":15847,"date":"2025-02-21T11:57:12","date_gmt":"2025-02-21T10:57:12","guid":{"rendered":"https:\/\/www.jmlib.be\/site\/?page_id=15847"},"modified":"2025-02-21T12:05:40","modified_gmt":"2025-02-21T11:05:40","slug":"ciao-roma-inscription","status":"publish","type":"page","link":"https:\/\/www.jmlib.be\/site\/ciao-roma-inscription\/","title":{"rendered":"CIAO ROMA inscription"},"content":{"rendered":"\n<div class=\"wpcf7 no-js\" id=\"wpcf7-f15846-o1\" lang=\"fr-FR\" dir=\"ltr\" data-wpcf7-id=\"15846\">\n<div class=\"screen-reader-response\"><p role=\"status\" aria-live=\"polite\" aria-atomic=\"true\"><\/p> <ul><\/ul><\/div>\n<form action=\"\/site\/wp-json\/wp\/v2\/pages\/15847#wpcf7-f15846-o1\" method=\"post\" class=\"wpcf7-form init\" aria-label=\"Formulaire de contact\" novalidate=\"novalidate\" data-status=\"init\">\n<fieldset class=\"hidden-fields-container\"><input type=\"hidden\" name=\"_wpcf7\" value=\"15846\" \/><input type=\"hidden\" name=\"_wpcf7_version\" value=\"6.1.5\" \/><input type=\"hidden\" name=\"_wpcf7_locale\" value=\"fr_FR\" \/><input type=\"hidden\" name=\"_wpcf7_unit_tag\" value=\"wpcf7-f15846-o1\" \/><input type=\"hidden\" name=\"_wpcf7_container_post\" value=\"0\" \/><input type=\"hidden\" name=\"_wpcf7_posted_data_hash\" value=\"\" \/>\n<\/fieldset>\n<h3>\n\t<font color=\"#F79540\">Informations du jeune\n\t<\/font>\n<\/h3>\n<p>*Nom et pr\u00e9nom: <span class=\"wpcf7-form-control-wrap\" data-name=\"nometprnom\"><input size=\"40\" maxlength=\"400\" class=\"wpcf7-form-control wpcf7-text wpcf7-validates-as-required\" aria-required=\"true\" aria-invalid=\"false\" value=\"\" type=\"text\" name=\"nometprnom\" \/><\/span><br \/>\n*Sexe: <span class=\"wpcf7-form-control-wrap\" data-name=\"Sexe\"><select class=\"wpcf7-form-control wpcf7-select wpcf7-validates-as-required\" aria-required=\"true\" aria-invalid=\"false\" name=\"Sexe\"><option value=\"\">&#8212;Veuillez choisir une option&#8212;<\/option><option value=\"M\">M<\/option><option value=\"F\">F<\/option><\/select><\/span>\n<\/p>\n<p>*Date de naissance du jeune: <span class=\"wpcf7-form-control-wrap\" data-name=\"datedenaissance\"><input class=\"wpcf7-form-control wpcf7-date wpcf7-validates-as-required wpcf7-validates-as-date\" aria-required=\"true\" aria-invalid=\"false\" value=\"\" type=\"date\" name=\"datedenaissance\" \/><\/span>\n<\/p>\n<p>*N\u00b0BCSS (Registre national): <span class=\"wpcf7-form-control-wrap\" data-name=\"numnat\"><input size=\"40\" maxlength=\"400\" class=\"wpcf7-form-control wpcf7-tel wpcf7-validates-as-required wpcf7-text wpcf7-validates-as-tel\" aria-required=\"true\" aria-invalid=\"false\" value=\"\" type=\"tel\" name=\"numnat\" \/><\/span>\n<\/p>\n<p>*Lieu de naissance du jeune: <span class=\"wpcf7-form-control-wrap\" data-name=\"Lieudenaissance\"><input size=\"40\" maxlength=\"400\" class=\"wpcf7-form-control wpcf7-text wpcf7-validates-as-required\" aria-required=\"true\" aria-invalid=\"false\" value=\"\" type=\"text\" name=\"Lieudenaissance\" \/><\/span> *Code postal de naissance du jeune: <span class=\"wpcf7-form-control-wrap\" data-name=\"cpnaissance\"><input class=\"wpcf7-form-control wpcf7-number wpcf7-validates-as-required wpcf7-validates-as-number\" aria-required=\"true\" aria-invalid=\"false\" value=\"\" type=\"number\" name=\"cpnaissance\" \/><\/span>\n<\/p>\n<p>*R\u00e9gime alimentaire: <span class=\"wpcf7-form-control-wrap\" data-name=\"Rgimealimentaire\"><select class=\"wpcf7-form-control wpcf7-select wpcf7-validates-as-required\" aria-required=\"true\" aria-invalid=\"false\" name=\"Rgimealimentaire\"><option value=\"Classique\">Classique<\/option><option value=\"V\u00e9g\u00e9tarien\">V\u00e9g\u00e9tarien<\/option><option value=\"Sans porc\">Sans porc<\/option><\/select><\/span>\n<\/p>\n<p>*Le jeune souffre t-il d'allergies alimentaires? <span class=\"wpcf7-form-control-wrap\" data-name=\"allergie\"><select class=\"wpcf7-form-control wpcf7-select wpcf7-validates-as-required\" aria-required=\"true\" aria-invalid=\"false\" name=\"allergie\"><option value=\"\">&#8212;Veuillez choisir une option&#8212;<\/option><option value=\"Oui\">Oui<\/option><option value=\"Non\">Non<\/option><\/select><\/span>\n<\/p>\n<p>Si oui veuillez le pr\u00e9cisez: <span class=\"wpcf7-form-control-wrap\" data-name=\"allergietexte\"><input size=\"40\" maxlength=\"400\" class=\"wpcf7-form-control wpcf7-text\" aria-invalid=\"false\" value=\"\" type=\"text\" name=\"allergietexte\" \/><\/span>\n<\/p>\n<h3>\n\t<font color=\"#F79540\">Adresse et coordonn\u00e9es\n\t<\/font>\n<\/h3>\n<p>______________________\n<\/p>\n<p>*Rue\/Av: <span class=\"wpcf7-form-control-wrap\" data-name=\"adresse\"><input size=\"40\" maxlength=\"400\" class=\"wpcf7-form-control wpcf7-text wpcf7-validates-as-required\" aria-required=\"true\" aria-invalid=\"false\" value=\"\" type=\"text\" name=\"adresse\" \/><\/span> *N\u00b0<span class=\"wpcf7-form-control-wrap\" data-name=\"N\"><input class=\"wpcf7-form-control wpcf7-number wpcf7-validates-as-required wpcf7-validates-as-number\" aria-required=\"true\" aria-invalid=\"false\" value=\"\" type=\"number\" name=\"N\" \/><\/span>\n<\/p>\n<p>*Code postal: <span class=\"wpcf7-form-control-wrap\" data-name=\"codepost\"><input class=\"wpcf7-form-control wpcf7-number wpcf7-validates-as-required wpcf7-validates-as-number\" aria-required=\"true\" aria-invalid=\"false\" value=\"\" type=\"number\" name=\"codepost\" \/><\/span> *Commune: <span class=\"wpcf7-form-control-wrap\" data-name=\"Commune\"><input size=\"40\" maxlength=\"400\" class=\"wpcf7-form-control wpcf7-text wpcf7-validates-as-required\" aria-required=\"true\" aria-invalid=\"false\" value=\"\" type=\"text\" name=\"Commune\" \/><\/span>\n<\/p>\n<p>*E-mail de contact: <span class=\"wpcf7-form-control-wrap\" data-name=\"email-33\"><input size=\"40\" maxlength=\"400\" class=\"wpcf7-form-control wpcf7-email wpcf7-validates-as-required wpcf7-text wpcf7-validates-as-email\" aria-required=\"true\" aria-invalid=\"false\" value=\"\" type=\"email\" name=\"email-33\" \/><\/span>\n<\/p>\n<p>*T\u00e9l.\/GSM: <span class=\"wpcf7-form-control-wrap\" data-name=\"tel-595\"><input size=\"40\" maxlength=\"400\" class=\"wpcf7-form-control wpcf7-tel wpcf7-validates-as-required wpcf7-text wpcf7-validates-as-tel\" aria-required=\"true\" aria-invalid=\"false\" value=\"\" type=\"tel\" name=\"tel-595\" \/><\/span>\n<\/p>\n<h3>\n\t<font color=\"#F79540\">Administratif\n\t<\/font>\n<\/h3>\n<p>_____________\n<\/p>\n<p>*Civilit\u00e9: <span class=\"wpcf7-form-control-wrap\" data-name=\"civilit\"><select class=\"wpcf7-form-control wpcf7-select wpcf7-validates-as-required\" aria-required=\"true\" aria-invalid=\"false\" name=\"civilit\"><option value=\"\">&#8212;Veuillez choisir une option&#8212;<\/option><option value=\"Madame\">Madame<\/option><option value=\"Monsieur\">Monsieur<\/option><\/select><\/span><br \/>\n*Nom et pr\u00e9nom du chef de famille: <span class=\"wpcf7-form-control-wrap\" data-name=\"cheffamille\"><input size=\"40\" maxlength=\"400\" class=\"wpcf7-form-control wpcf7-text wpcf7-validates-as-required\" aria-required=\"true\" aria-invalid=\"false\" value=\"\" type=\"text\" name=\"cheffamille\" \/><\/span><br \/>\n*N\u00b0BCSS (Registre national): <span class=\"wpcf7-form-control-wrap\" data-name=\"numnat1\"><input size=\"40\" maxlength=\"400\" class=\"wpcf7-form-control wpcf7-tel wpcf7-validates-as-required wpcf7-text wpcf7-validates-as-tel\" aria-required=\"true\" aria-invalid=\"false\" value=\"\" type=\"tel\" name=\"numnat1\" \/><\/span><br \/>\n*Nom et pr\u00e9nom de la personne qui effectuera le paiement: <span class=\"wpcf7-form-control-wrap\" data-name=\"paiment\"><input size=\"40\" maxlength=\"400\" class=\"wpcf7-form-control wpcf7-text wpcf7-validates-as-required\" aria-required=\"true\" aria-invalid=\"false\" value=\"\" type=\"text\" name=\"paiment\" \/><\/span>\n<\/p>\n<p><label>*Si vous \u00eates membre des Mutualit\u00e9s Lib\u00e9rales, veuillez cocher le num\u00e9ro de votre mutualit\u00e9 (num\u00e9ro \u00e0 3 chiffres mentionn\u00e9 sur le haut de votre vignette):<\/label><br \/>\n<span class=\"wpcf7-form-control-wrap\" data-name=\"menu-290\"><select class=\"wpcf7-form-control wpcf7-select wpcf7-validates-as-required\" aria-required=\"true\" aria-invalid=\"false\" name=\"menu-290\"><option value=\"-\">-<\/option><option value=\"Non-membre\">Non-membre<\/option><option value=\"401\">401<\/option><option value=\"403\">403<\/option><option value=\"404\">404<\/option><option value=\"407\">407<\/option><option value=\"409\">409<\/option><option value=\"413\">413<\/option><option value=\"414\">414<\/option><option value=\"415\">415<\/option><option value=\"417\">417<\/option><option value=\"418\">418<\/option><\/select><\/span>\n<\/p>\n<p><label>*Comment connaissez vous les JML?<\/label> :<br \/>\n<span class=\"wpcf7-form-control-wrap\" data-name=\"CommentconnaissezvouslesJML\"><select class=\"wpcf7-form-control wpcf7-select\" aria-invalid=\"false\" name=\"CommentconnaissezvouslesJML\"><option value=\"-\">-<\/option><option value=\"R\u00e9seaux sociaux\">R\u00e9seaux sociaux<\/option><option value=\"Recherche sur internet\">Recherche sur internet<\/option><option value=\"La brochure Carton\">La brochure Carton<\/option><option value=\"Via la Mutualit\u00e9 Lib\u00e9rale\">Via la Mutualit\u00e9 Lib\u00e9rale<\/option><option value=\"Bouche \u00e0 oreille\">Bouche \u00e0 oreille<\/option><option value=\"Newsletter\">Newsletter<\/option><\/select><\/span>\n<\/p>\n<p><span class=\"wpcf7-form-control-wrap\" data-name=\"checkbox-734\"><span class=\"wpcf7-form-control wpcf7-checkbox\"><span class=\"wpcf7-list-item first last\"><label><input type=\"checkbox\" name=\"checkbox-734[]\" value=\"\" \/><span class=\"wpcf7-list-item-label\"><\/span><\/label><\/span><\/span><\/span>J'ai lu la <a href=\"https:\/\/www.jmlib.be\/site\/rgpd\/\" target=\"_blank\">politique de confidentialit\u00e9<\/a> des JML et je l'accepte.<br \/>\n<br \/>\n<span class=\"wpcf7-form-control-wrap\" data-name=\"checkbox-976\"><span class=\"wpcf7-form-control wpcf7-checkbox\"><span class=\"wpcf7-list-item first last\"><label><input type=\"checkbox\" name=\"checkbox-976[]\" value=\"\" \/><span class=\"wpcf7-list-item-label\"><\/span><\/label><\/span><\/span><\/span>J'ai lu les <a href=\"https:\/\/www.jmlib.be\/site\/wp-content\/uploads\/2025\/02\/CGV_JML_Rome-3.pdf\" target=\"_blank\">conditions g\u00e9n\u00e9rales<\/a> et je les accepte.\n<\/p>\n<p>\u26a0\ufe0f Important : En tant que mineur, une autorisation parentale de voyage l\u00e9galis\u00e9e par votre commune est obligatoire.\n<\/p>\n<p><div id=\"cf7sr-69d67b585a07c\" class=\"cf7sr-g-recaptcha\" data-theme=\"light\" data-type=\"image\" data-size=\"normal\" data-sitekey=\"6LeqWcEUAAAAABWj586Z-gipKv10P4psIwSNPhwR\"><\/div><span class=\"wpcf7-form-control-wrap cf7sr-recaptcha\"><input type=\"hidden\" name=\"cf7sr-recaptcha\" value=\"\" class=\"wpcf7-form-control\"><\/span><br \/>\n<input class=\"wpcf7-form-control wpcf7-submit has-spinner\" type=\"submit\" value=\"Envoyer\" \/>\n<\/p>\n<h3>\n\t<font color=\"#FF0000\">! Apr\u00e8s confirmation ci-dessous vous allez recevoir un e-mail de confirmation. Si vous ne recevez pas cet e-mail, regardez dans votre dossier SPAM (courrier ind\u00e9sirable). Merci.\n\t<\/font><\/h3\n<\/h3><p style=\"display: none !important;\" class=\"akismet-fields-container\" data-prefix=\"_wpcf7_ak_\"><label>&#916;<textarea name=\"_wpcf7_ak_hp_textarea\" cols=\"45\" rows=\"8\" maxlength=\"100\"><\/textarea><\/label><input type=\"hidden\" id=\"ak_js_1\" name=\"_wpcf7_ak_js\" value=\"107\"\/><script>document.getElementById( \"ak_js_1\" ).setAttribute( \"value\", ( new Date() ).getTime() );<\/script><\/p><div class=\"wpcf7-response-output\" aria-hidden=\"true\"><\/div>\n<\/form>\n<\/div>\n\n","protected":false},"excerpt":{"rendered":"","protected":false},"author":1,"featured_media":0,"parent":0,"menu_order":0,"comment_status":"closed","ping_status":"closed","template":"template-fullwidth-no-title.php","meta":{"jetpack_post_was_ever_published":false,"footnotes":""},"class_list":["post-15847","page","type-page","status-publish","hentry"],"jetpack_sharing_enabled":true,"jetpack_shortlink":"https:\/\/wp.me\/P93my9-47B","jetpack-related-posts":[{"id":15749,"url":"https:\/\/www.jmlib.be\/site\/ciao-roma\/","url_meta":{"origin":15847,"position":0},"title":"Ciao Roma","author":"jmlib","date":"18 f\u00e9vrier 2025","format":false,"excerpt":"\u00a0 Ciao Roma VIVEZ L\u2019AVENTURE \u00c0 ROME ! Chaque voyage est une d\u00e9couverte, chaque destination est une le\u00e7on de vie. Tu as entre 15 et 17 ans ? Les JML t\u2019offrent la possibilit\u00e9 d\u2019explorer le monde, de rencontrer d\u2019autres cultures et de vivre des exp\u00e9riences inoubliables, dans un cadre s\u00e9curis\u00e9\u2026","rel":"","context":"Article similaire","block_context":{"text":"Article similaire","link":""},"img":{"alt_text":"","src":"https:\/\/i0.wp.com\/www.jmlib.be\/site\/wp-content\/uploads\/2025\/02\/Design-sans-titre-2-212x300.png?resize=350%2C200&ssl=1","width":350,"height":200},"classes":[]},{"id":604,"url":"https:\/\/www.jmlib.be\/site\/inscription-test\/","url_meta":{"origin":15847,"position":1},"title":"Inscription test","author":"jmlib","date":"31 mai 2017","format":false,"excerpt":"","rel":"","context":"Article similaire","block_context":{"text":"Article similaire","link":""},"img":{"alt_text":"","src":"","width":0,"height":0},"classes":[]},{"id":2181,"url":"https:\/\/www.jmlib.be\/site\/inscription-linguistique\/","url_meta":{"origin":15847,"position":2},"title":"Inscription linguistique","author":"jmlib","date":"14 f\u00e9vrier 2019","format":false,"excerpt":"","rel":"","context":"Article similaire","block_context":{"text":"Article similaire","link":""},"img":{"alt_text":"","src":"","width":0,"height":0},"classes":[]},{"id":616,"url":"https:\/\/www.jmlib.be\/site\/stage-aventure-8-15-ans\/inscription-aventure\/","url_meta":{"origin":15847,"position":3},"title":"Inscription Aventure","author":"jmlib","date":"31 mai 2017","format":false,"excerpt":"","rel":"","context":"Article similaire","block_context":{"text":"Article similaire","link":""},"img":{"alt_text":"","src":"","width":0,"height":0},"classes":[]},{"id":1544,"url":"https:\/\/www.jmlib.be\/site\/vacances-repit-famille\/inscription-repit-famille\/","url_meta":{"origin":15847,"position":4},"title":"Inscription R\u00e9pit-famille","author":"jmlib","date":"7 f\u00e9vrier 2018","format":false,"excerpt":"","rel":"","context":"Article similaire","block_context":{"text":"Article similaire","link":""},"img":{"alt_text":"","src":"","width":0,"height":0},"classes":[]},{"id":15318,"url":"https:\/\/www.jmlib.be\/site\/inscription-carnaval-tournai\/","url_meta":{"origin":15847,"position":5},"title":"inscription carnaval Tournai","author":"jmlib","date":"8 janvier 2025","format":false,"excerpt":"","rel":"","context":"Article similaire","block_context":{"text":"Article similaire","link":""},"img":{"alt_text":"","src":"","width":0,"height":0},"classes":[]}],"jetpack_likes_enabled":true,"_links":{"self":[{"href":"https:\/\/www.jmlib.be\/site\/wp-json\/wp\/v2\/pages\/15847","targetHints":{"allow":["GET"]}}],"collection":[{"href":"https:\/\/www.jmlib.be\/site\/wp-json\/wp\/v2\/pages"}],"about":[{"href":"https:\/\/www.jmlib.be\/site\/wp-json\/wp\/v2\/types\/page"}],"author":[{"embeddable":true,"href":"https:\/\/www.jmlib.be\/site\/wp-json\/wp\/v2\/users\/1"}],"replies":[{"embeddable":true,"href":"https:\/\/www.jmlib.be\/site\/wp-json\/wp\/v2\/comments?post=15847"}],"version-history":[{"count":1,"href":"https:\/\/www.jmlib.be\/site\/wp-json\/wp\/v2\/pages\/15847\/revisions"}],"predecessor-version":[{"id":15848,"href":"https:\/\/www.jmlib.be\/site\/wp-json\/wp\/v2\/pages\/15847\/revisions\/15848"}],"wp:attachment":[{"href":"https:\/\/www.jmlib.be\/site\/wp-json\/wp\/v2\/media?parent=15847"}],"curies":[{"name":"wp","href":"https:\/\/api.w.org\/{rel}","templated":true}]}}