{"id":1437,"date":"2017-12-12T16:24:32","date_gmt":"2017-12-12T15:24:32","guid":{"rendered":"https:\/\/www.jmlib.be\/site\/?page_id=1437"},"modified":"2024-10-13T23:52:32","modified_gmt":"2024-10-13T21:52:32","slug":"jml-province-de-liege","status":"publish","type":"page","link":"https:\/\/www.jmlib.be\/site\/jml-province-de-liege\/","title":{"rendered":"Projet Zooth\u00e9rapie"},"content":{"rendered":"<div id=\"dslc-content\" class=\"dslc-content dslc-clearfix\">\n<div id=\"dslc-main\">\n<div  class=\"dslc-modules-section  dslc-full \" style=\"padding-bottom:0px;padding-top:0px;\" data-section-id=\"6b000ec78a5\">\n<div class=\"dslc-modules-section-wrapper dslc-clearfix\">\n<div class=\"dslc-modules-area dslc-col dslc-12-col dslc-last-col dslc-valign-undefined \" data-size=\"12\" data-valign=\"undefined\">\n<div id=\"dslc-module-80f7182c80a\" class=\"dslc-module-front dslc-module-DSLC_Image dslc-in-viewport-check dslc-in-viewport-anim-none  dslc-col dslc-12-col dslc-last-col  dslc-module-handle-like-regular \" data-module-id=\"80f7182c80a\" data-module=\"DSLC_Image\" data-dslc-module-size=\"12\" data-dslc-anim=\"none\" data-dslc-anim-delay=\"\" data-dslc-anim-duration=\"650\"  data-dslc-anim-easing=\"ease\" data-dslc-preset=\"none\" >\n<div class=\"dslc-image-container\">\n<div class=\"dslc-image\">\n<p>\t\t\t\t\t\t\t\t\t<img decoding=\"async\" src=\"https:\/\/i0.wp.com\/www.jmlib.be\/site\/wp-content\/uploads\/2022\/05\/669182.jpg?fit=2220%2C1027&amp;ssl=1\" alt=\"\" title=\"\"   \/><\/p><\/div>\n<p><!-- .dslc-image -->\n\t\t<\/div>\n<\/p><\/div>\n<p><!-- .dslc-module --><\/p>\n<div id=\"dslc-module-97a54a8f846\" class=\"dslc-module-front dslc-module-DSLC_Text_Simple dslc-in-viewport-check dslc-in-viewport-anim-none  dslc-col dslc-12-col dslc-last-col  dslc-module-handle-like-regular \" data-module-id=\"97a54a8f846\" data-module=\"DSLC_Text_Simple\" data-dslc-module-size=\"12\" data-dslc-anim=\"none\" data-dslc-anim-delay=\"\" data-dslc-anim-duration=\"650\"  data-dslc-anim-easing=\"ease\" data-dslc-preset=\"none\" >\n<div class=\"dslc-text-module-content\">\n<h1><span style=\"color: #3366ff;\">Zooth\u00e9rapie<\/span><\/h1>\n<p>Depuis 2016, les JML, en collaboration avec la MLL, l&rsquo;ALPH et l&rsquo;\u00e9cole \u00a0\u00bb La parenth\u00e8se, ESSPCF, Lieutenant Jacquemin\u00a0\u00bb de Vis\u00e9 ( en r\u00e9gion li\u00e9geoise) ont mis en place un projet d&rsquo;asinoth\u00e9rapie \u00e0 l&rsquo;asinerie de Pontisse. Apr\u00e8s 5 ans de s\u00e9ances propos\u00e9es \u00e0 diverses classes d&rsquo;enfants \u00e2g\u00e9s de 8 \u00e0 13 ans, les enfants souhaitaient d\u00e9couvrir de nouvelles \u00e9motions, sensations.<br \/>Apr\u00e8s moultes recherches, le choix s&rsquo;est port\u00e9 sur le centre Zo&rsquo;Oborne qui propose des s\u00e9ances de Zooth\u00e9rapie destin\u00e9es cette fois aux enfants \u00e2g\u00e9s de 9 \u00e0 14 ans ( Type 8).<\/p>\n<p>16 s\u00e9ances sont organis\u00e9es le vendredi apr\u00e8s-midi \u00e9tal\u00e9es sur l&rsquo;an\u00e9e scolaire 2024-2025<\/p>\n<p>Public : toutes les classes de l&rsquo;\u00e9cole en alternance<\/p>\n<p>Elles sont destin\u00e9es \u00e0 un groupe d&rsquo;environ 8 enfants atteints de troubles du comportement et de troubles du langage.<\/p>\n<p>Cette th\u00e9rapie assist\u00e9e par l&rsquo;animal \u00e0 l&rsquo;attention des enfants porteurs d&rsquo;un handicap et\/ou hyperactifs. Elle utilise la proximit\u00e9 de l&rsquo;animal domestique ou de compagnie aupr\u00e8s de l&rsquo;humain souffrant de troubles physiques et ou mentaux, voire sociaux pour retrouver un certain bien-\u00eatre.<br \/>Cela peut aller des soins aux animaux, \u00e0 la relaxation type snoezelen avec pr\u00e9sence des animaux en passant par de l&rsquo;agility avec le chien pour stimuler la motricit\u00e9 des enfants, de l&rsquo;\u00e9veil sensoriel, de la stimulation mn\u00e9sique&#8230;. .<\/p>\n<p>Les pratiques \u00e9volueront durant l&rsquo;ann\u00e9e suivant les besoins des enfants.<br \/>Les bienfaits de la zooth\u00e9rapie sont nombreux. Elle permet par exemple :<br \/>\u00b7 de se sentir valoris\u00e9 ;<br \/>\u00b7 de se sentir responsable ;<br \/>\u00b7 de retrouver diff\u00e9rentes \u00e9motions et de travailler sur celles-ci ;<br \/>\u00b7 de favoriser la communication ;<br \/>\u00b7 d&rsquo;\u00e9veiller l&rsquo;int\u00e9r\u00eat ;<br \/>\u00b7 de stimuler ;<br \/>\u00b7 d&rsquo;am\u00e9liorer la perception dans l&rsquo;espace et dans le temps ;<br \/>\u00b7 d&rsquo;\u00e9laborer la pens\u00e9e.<\/p>\n<p>Les enfants ainsi que l&rsquo;enseignante ( qui craint les animaux en g\u00e9n\u00e9ral) ont partag\u00e9 d&rsquo;intenses moments avec chiens, lapins, oiseaux et ont h\u00e2te de reprendre les s\u00e9ances suspendues pendant les cong\u00e9s scolaires.<br \/>Outre tous les avantages procur\u00e9s par ces ateliers, le principal atout est que cette activit\u00e9 se d\u00e9roule en ext\u00e9rieur ; ce qui, en cette p\u00e9riode de particuli\u00e8re, permet aux enfants de sortir des sentiers battus et des 4 murs de leurs classes pour vivre ensemble une activit\u00e9 qui leur procure un bien-\u00eatre tant physique que psychique.<br \/>Nous suivrons bien s\u00fbr l&rsquo;\u00e9volution du projet au fil du temps en leur compagnie et reviendrons peut-\u00eatre bient\u00f4t avec de belles anecdotes \u2026<\/p>\n<p><strong>Contact:<\/strong><\/p>\n<h4><em>Assistante sociale:\u00a0<\/em><em>Mme Ariane Guissard<\/em><\/h4>\n<p>T\u00e9l.: 04 229 94 10 \/ Mail.:\u00a0<a href=\"mailto:ariane.guissard@ml.be\" target=\"_blank\" rel=\"noopener\">Ariane Guissard<\/a><\/p>\n<\/p><\/div>\n<\/p><\/div>\n<p><!-- .dslc-module -->\n\t\t<\/div>\n<\/div>\n<\/div>\n<\/div>\n<\/div>\n","protected":false},"excerpt":{"rendered":"<p>Zooth\u00e9rapie Depuis 2016, les JML, en collaboration avec la MLL, l&rsquo;ALPH et l&rsquo;\u00e9cole \u00a0\u00bb La parenth\u00e8se, ESSPCF, Lieutenant Jacquemin\u00a0\u00bb de Vis\u00e9 ( en r\u00e9gion li\u00e9geoise) ont mis en place un projet d&rsquo;asinoth\u00e9rapie \u00e0 l&rsquo;asinerie de Pontisse. Apr\u00e8s 5 ans de s\u00e9ances propos\u00e9es \u00e0 diverses classes d&rsquo;enfants \u00e2g\u00e9s de 8 \u00e0 13 ans, les enfants souhaitaient<a href=\"https:\/\/www.jmlib.be\/site\/jml-province-de-liege\/\">[&#8230;]<\/a><\/p>\n","protected":false},"author":1,"featured_media":0,"parent":0,"menu_order":0,"comment_status":"closed","ping_status":"closed","template":"template-fullwidth.php","meta":{"jetpack_post_was_ever_published":false,"footnotes":""},"class_list":["post-1437","page","type-page","status-publish","hentry"],"jetpack_sharing_enabled":true,"jetpack_shortlink":"https:\/\/wp.me\/P93my9-nb","jetpack-related-posts":[{"id":15948,"url":"https:\/\/www.jmlib.be\/site\/zootherapie-2\/","url_meta":{"origin":1437,"position":0},"title":"Zooth\u00e9rapie","author":"jmlib","date":"26 f\u00e9vrier 2025","format":false,"excerpt":"Zooth\u00e9rapie Zooth\u00e9rapie \ud83d\ude80 Un projet innovant depuis 2016 Depuis 2016, en collaboration avec la MLL, l\u2019ALPH et l\u2019\u00e9cole \u00ab La parenth\u00e8se, ESSPCF, Lieutenant Jacquemin \u00bb de Vis\u00e9 (r\u00e9gion li\u00e9geoise), les JML ont mis en place un projet d\u2019asinoth\u00e9rapie \u00e0 l\u2019asinerie de Pontisse. Apr\u00e8s 5 ans de s\u00e9ances pour des classes\u2026","rel":"","context":"Article similaire","block_context":{"text":"Article similaire","link":""},"img":{"alt_text":"","src":"","width":0,"height":0},"classes":[]},{"id":15926,"url":"https:\/\/www.jmlib.be\/site\/projet-musical-avec-les-enfants-de-tilly\/","url_meta":{"origin":1437,"position":1},"title":"\u00a0Projet Musical avec les Enfants de Tilly","author":"jmlib","date":"26 f\u00e9vrier 2025","format":false,"excerpt":"Projet Musical Tilly - Accueil Projet Musical avec les Enfants de Tilly ! \ud83c\udfb6\ud83d\ude0a Projet Musical avec les Enfants de Tilly Nous sommes ravis de vous annoncer notre tout nouveau projet en collaboration avec l'\u00e9cole maternelle et primaire de Tilly ! \u00c0 partir du 16 septembre 2025, nous animerons 25\u2026","rel":"","context":"Article similaire","block_context":{"text":"Article similaire","link":""},"img":{"alt_text":"","src":"","width":0,"height":0},"classes":[]},{"id":15466,"url":"https:\/\/www.jmlib.be\/site\/tout-au-long-de-lannee\/","url_meta":{"origin":1437,"position":2},"title":"Tout au long de l\u2019ann\u00e9e","author":"jmlib","date":"4 f\u00e9vrier 2025","format":false,"excerpt":"Activit\u00e9s Toutes les r\u00e9gions Brabant wallon Luxembourg Li\u00e8ge Tournai La Louvi\u00e8re Brabant wallon Nos Mercredis Extras \ud83d\udccd Wavre Mme Estelle De Meyer \ud83d\udcde T\u00e9l. : 010 862 830 \ud83d\udcc5 Un mercredi sur deux \u23f0 De 13h00 \u00e0 15h00 \ud83d\udcb0 Gratuit (hors cong\u00e9s scolaires) Cliquez ici Atelier Musical \ud83d\udccd Tilly Mme\u2026","rel":"","context":"Article similaire","block_context":{"text":"Article similaire","link":""},"img":{"alt_text":"","src":"","width":0,"height":0},"classes":[]},{"id":16827,"url":"https:\/\/www.jmlib.be\/site\/expression-orale-et-corporelle-a-lecole-de-tilly\/","url_meta":{"origin":1437,"position":3},"title":"Expression Orale et corporelle \u00e0 l&rsquo;\u00e9cole de Tilly !","author":"jmlib","date":"26 ao\u00fbt 2025","format":false,"excerpt":"Projet Expression Orale et Corporelle - Tilly Expression orale et corporelle \u00e0 l'\u00e9cole de Tilly ! \u2728 Expression orale et corporelle avec les enfants de Tilly Nous sommes ravis de vous pr\u00e9senter notre nouveau projet d'expression orale et corporelle en collaboration avec l'\u00e9cole de Tilly ! \u00c0 partir du 19\u2026","rel":"","context":"Article similaire","block_context":{"text":"Article similaire","link":""},"img":{"alt_text":"","src":"","width":0,"height":0},"classes":[]},{"id":16925,"url":"https:\/\/www.jmlib.be\/site\/createliers-du-mardi\/","url_meta":{"origin":1437,"position":4},"title":"Cr\u00e9ateliers du mardi","author":"jmlib","date":"12 septembre 2025","format":false,"excerpt":"Cr\u00e9Ateliers du Mardi - ASBL JML Gratuit! CR\u00c9ATELIERS DU MARDI TU ES EN PRIMAIRE? VIENS PARTAGER TES ID\u00c9ES ET TA CR\u00c9ATIVIT\u00c9! Un voyage cr\u00e9atif pour chaque enfant L'ann\u00e9e derni\u00e8re, l'ASBL JML a offert aux \u00e9l\u00e8ves de l'\u00e9cole communale de Hony l'opportunit\u00e9 de participer \u00e0 des ateliers cr\u00e9atifs, leur permettant de\u2026","rel":"","context":"Article similaire","block_context":{"text":"Article similaire","link":""},"img":{"alt_text":"","src":"","width":0,"height":0},"classes":[]},{"id":17280,"url":"https:\/\/www.jmlib.be\/site\/regional\/","url_meta":{"origin":1437,"position":5},"title":"R\u00e9gional","author":"jmlib","date":"19 d\u00e9cembre 2025","format":false,"excerpt":"\ud83c\udf1f Contacts JML \u2b50 Stages dans ta r\u00e9gion \ud83d\udcc5 Activit\u00e9s toute l'ann\u00e9e Brabant wallon \ud83e\udd1d Assistante sociale Alexandra Tiplea \ud83c\udfa8 Animatrice Estelle De Meyer \ud83d\udcde 0491 11 49 70 \ud83d\udc76 Pu\u00e9ricultrice Anne-\u00c9lisabeth de Viron \ud83d\udcde 0492 79 59 42 \ud83d\udcde010 862 830 \ud83d\udccdAv. des D\u00e9port\u00e9s, 31\/33 \u2013 1300 Wavre Services\u2026","rel":"","context":"Article similaire","block_context":{"text":"Article similaire","link":""},"img":{"alt_text":"","src":"","width":0,"height":0},"classes":[]}],"jetpack_likes_enabled":true,"_links":{"self":[{"href":"https:\/\/www.jmlib.be\/site\/wp-json\/wp\/v2\/pages\/1437","targetHints":{"allow":["GET"]}}],"collection":[{"href":"https:\/\/www.jmlib.be\/site\/wp-json\/wp\/v2\/pages"}],"about":[{"href":"https:\/\/www.jmlib.be\/site\/wp-json\/wp\/v2\/types\/page"}],"author":[{"embeddable":true,"href":"https:\/\/www.jmlib.be\/site\/wp-json\/wp\/v2\/users\/1"}],"replies":[{"embeddable":true,"href":"https:\/\/www.jmlib.be\/site\/wp-json\/wp\/v2\/comments?post=1437"}],"version-history":[{"count":2,"href":"https:\/\/www.jmlib.be\/site\/wp-json\/wp\/v2\/pages\/1437\/revisions"}],"predecessor-version":[{"id":14818,"href":"https:\/\/www.jmlib.be\/site\/wp-json\/wp\/v2\/pages\/1437\/revisions\/14818"}],"wp:attachment":[{"href":"https:\/\/www.jmlib.be\/site\/wp-json\/wp\/v2\/media?parent=1437"}],"curies":[{"name":"wp","href":"https:\/\/api.w.org\/{rel}","templated":true}]}}

Projet Zoothérapie

<div id="dslc-content" class="dslc-content dslc-clearfix">
<div id="dslc-main">
<div  class="dslc-modules-section  dslc-full " style="padding-bottom:0px;padding-top:0px;" data-section-id="6b000ec78a5">
<div class="dslc-modules-section-wrapper dslc-clearfix">
<div class="dslc-modules-area dslc-col dslc-12-col dslc-last-col dslc-valign-undefined " data-size="12" data-valign="undefined">
<div id="dslc-module-80f7182c80a" class="dslc-module-front dslc-module-DSLC_Image dslc-in-viewport-check dslc-in-viewport-anim-none  dslc-col dslc-12-col dslc-last-col  dslc-module-handle-like-regular " data-module-id="80f7182c80a" data-module="DSLC_Image" data-dslc-module-size="12" data-dslc-anim="none" data-dslc-anim-delay="" data-dslc-anim-duration="650"  data-dslc-anim-easing="ease" data-dslc-preset="none" >
<div class="dslc-image-container">
<div class="dslc-image">
<p>									<img decoding="async" src="https://i0.wp.com/www.jmlib.be/site/wp-content/uploads/2022/05/669182.jpg?fit=2220%2C1027&amp;ssl=1" alt="" title=""   /></p></div>
<p><!-- .dslc-image -->
		</div>
</p></div>
<p><!-- .dslc-module --></p>
<div id="dslc-module-97a54a8f846" class="dslc-module-front dslc-module-DSLC_Text_Simple dslc-in-viewport-check dslc-in-viewport-anim-none  dslc-col dslc-12-col dslc-last-col  dslc-module-handle-like-regular " data-module-id="97a54a8f846" data-module="DSLC_Text_Simple" data-dslc-module-size="12" data-dslc-anim="none" data-dslc-anim-delay="" data-dslc-anim-duration="650"  data-dslc-anim-easing="ease" data-dslc-preset="none" >
<div class="dslc-text-module-content">
<h1><span style="color: #3366ff;">Zoothérapie</span></h1>
<p>Depuis 2016, les JML, en collaboration avec la MLL, l&rsquo;ALPH et l&rsquo;école  » La parenthèse, ESSPCF, Lieutenant Jacquemin » de Visé ( en région liégeoise) ont mis en place un projet d&rsquo;asinothérapie à l&rsquo;asinerie de Pontisse. Après 5 ans de séances proposées à diverses classes d&rsquo;enfants âgés de 8 à 13 ans, les enfants souhaitaient découvrir de nouvelles émotions, sensations.<br />Après moultes recherches, le choix s&rsquo;est porté sur le centre Zo&rsquo;Oborne qui propose des séances de Zoothérapie destinées cette fois aux enfants âgés de 9 à 14 ans ( Type 8).</p>
<p>16 séances sont organisées le vendredi après-midi étalées sur l&rsquo;anée scolaire 2024-2025</p>
<p>Public : toutes les classes de l&rsquo;école en alternance</p>
<p>Elles sont destinées à un groupe d&rsquo;environ 8 enfants atteints de troubles du comportement et de troubles du langage.</p>
<p>Cette thérapie assistée par l&rsquo;animal à l&rsquo;attention des enfants porteurs d&rsquo;un handicap et/ou hyperactifs. Elle utilise la proximité de l&rsquo;animal domestique ou de compagnie auprès de l&rsquo;humain souffrant de troubles physiques et ou mentaux, voire sociaux pour retrouver un certain bien-être.<br />Cela peut aller des soins aux animaux, à la relaxation type snoezelen avec présence des animaux en passant par de l&rsquo;agility avec le chien pour stimuler la motricité des enfants, de l&rsquo;éveil sensoriel, de la stimulation mnésique&#8230;. .</p>
<p>Les pratiques évolueront durant l&rsquo;année suivant les besoins des enfants.<br />Les bienfaits de la zoothérapie sont nombreux. Elle permet par exemple :<br />· de se sentir valorisé ;<br />· de se sentir responsable ;<br />· de retrouver différentes émotions et de travailler sur celles-ci ;<br />· de favoriser la communication ;<br />· d&rsquo;éveiller l&rsquo;intérêt ;<br />· de stimuler ;<br />· d&rsquo;améliorer la perception dans l&rsquo;espace et dans le temps ;<br />· d&rsquo;élaborer la pensée.</p>
<p>Les enfants ainsi que l&rsquo;enseignante ( qui craint les animaux en général) ont partagé d&rsquo;intenses moments avec chiens, lapins, oiseaux et ont hâte de reprendre les séances suspendues pendant les congés scolaires.<br />Outre tous les avantages procurés par ces ateliers, le principal atout est que cette activité se déroule en extérieur ; ce qui, en cette période de particulière, permet aux enfants de sortir des sentiers battus et des 4 murs de leurs classes pour vivre ensemble une activité qui leur procure un bien-être tant physique que psychique.<br />Nous suivrons bien sûr l&rsquo;évolution du projet au fil du temps en leur compagnie et reviendrons peut-être bientôt avec de belles anecdotes …</p>
<p><strong>Contact:</strong></p>
<h4><em>Assistante sociale: </em><em>Mme Ariane Guissard</em></h4>
<p>Tél.: 04 229 94 10 / Mail.: <a href="mailto:ariane.guissard@ml.be" target="_blank" rel="noopener">Ariane Guissard</a></p>
</p></div>
</p></div>
<p><!-- .dslc-module -->
		</div>
</div>
</div>
</div>
</div>

<p>Zoothérapie Depuis 2016, les JML, en collaboration avec la MLL, l&rsquo;ALPH et l&rsquo;école  » La parenthèse, ESSPCF, Lieutenant Jacquemin » de Visé ( en région liégeoise) ont mis en place un projet d&rsquo;asinothérapie à l&rsquo;asinerie de Pontisse. Après 5 ans de séances proposées à diverses classes d&rsquo;enfants âgés de 8 à 13 ans, les enfants souhaitaient<a href="https://www.jmlib.be/site/jml-province-de-liege/">[&#8230;]</a></p>

Zoothérapie

26 février 2025

Zoothérapie Zoothérapie 🚀 Un projet innovant depuis 2016 Depuis 2016, en collaboration avec la MLL, l’ALPH et l’école « La parenthèse, ESSPCF, Lieutenant Jacquemin » de Visé (région liégeoise), les JML ont mis en place un projet d’asinothérapie à l’asinerie de Pontisse. Après 5 ans de séances pour des classes…

Projet Musical Tilly - Accueil Projet Musical avec les Enfants de Tilly ! 🎶😊 Projet Musical avec les Enfants de Tilly Nous sommes ravis de vous annoncer notre tout nouveau projet en collaboration avec l'école maternelle et primaire de Tilly ! À partir du 16 septembre 2025, nous animerons 25…

Tout au long de l’année

4 février 2025

Activités Toutes les régions Brabant wallon Luxembourg Liège Tournai La Louvière Brabant wallon Nos Mercredis Extras 📍 Wavre Mme Estelle De Meyer 📞 Tél. : 010 862 830 📅 Un mercredi sur deux ⏰ De 13h00 à 15h00 💰 Gratuit (hors congés scolaires) Cliquez ici Atelier Musical 📍 Tilly Mme…

Expression Orale et corporelle à l&rsquo;école de Tilly !

26 août 2025

Projet Expression Orale et Corporelle - Tilly Expression orale et corporelle à l'école de Tilly ! ✨ Expression orale et corporelle avec les enfants de Tilly Nous sommes ravis de vous présenter notre nouveau projet d'expression orale et corporelle en collaboration avec l'école de Tilly ! À partir du 19…

Créateliers du mardi

CréAteliers du Mardi - ASBL JML Gratuit! CRÉATELIERS DU MARDI TU ES EN PRIMAIRE? VIENS PARTAGER TES IDÉES ET TA CRÉATIVITÉ! Un voyage créatif pour chaque enfant L'année dernière, l'ASBL JML a offert aux élèves de l'école communale de Hony l'opportunité de participer à des ateliers créatifs, leur permettant de…

Régional

19 décembre 2025

🌟 Contacts JML ⭐ Stages dans ta région 📅 Activités toute l'année Brabant wallon 🤝 Assistante sociale Alexandra Tiplea 🎨 Animatrice Estelle De Meyer 📞 0491 11 49 70 👶 Puéricultrice Anne-Élisabeth de Viron 📞 0492 79 59 42 📞010 862 830 📍Av. des Déportés, 31/33 – 1300 Wavre Services…
